47/18 - (-2)/(-12). What is the highest common factor of g and s?
8
Let u(k) = -9*k + 31. Let y be u(-2). What is the greatest common factor of y and 196?
49
Suppose -18*o + 14*o + 4*f = -172, 86 = 2*o - 4*f. What is the greatest common factor of 43 and o?
43
Suppose -4*s = -4*t + 376, 0 = -2*t + 2*s - 5*s + 198. Calculate the greatest common factor of 516 and t.
12
Suppose -109 = p - 4*p - 2*l, 4*p - 5*l = 107. What is the highest common divisor of 121 and p?
11
Let l = -19 + 52. Suppose -176 + 1 = -5*u - 2*r, -137 = -4*u - r. What is the greatest common divisor of u and l?
33
Let o(c) = -11*c**3 + c. Let h be o(1). Let j = 288 - 268. Let s = h + j. What is the greatest common divisor of s and 40?
10
Suppose 7*w = 145 - 19. Calculate the highest common divisor of 774 and w.
18
Suppose 46*r = 48*r - 72. What is the greatest common divisor of 234 and r?
18
Let a(x) = -6*x. Let i(h) = -h**2 + 16*h + 3. Let t be i(17). Let y be a(t). What is the highest common divisor of 21 and y?
21
Let c be 2/(-16)*-2 + 6/8. Let u be (5 + -2)/(c/(-14)*-1). Calculate the highest common factor of 294 and u.
42
Suppose 2*y = -2*n - 18, 2*n - y + 15 = -3*n. Let h = 2 - n. What is the greatest common factor of 54 and h?
6
Suppose 4*t = -3*g - 354, -2*g = -g - 2*t + 108. Let v be 2/19 - 1128/g. Calculate the highest common divisor of 90 and v.
10
Let w be (-8)/(4/(-1)) - 116. Let n = w + 240. Calculate the greatest common divisor of n and 14.
14
Let q = 3 - -18. Calculate the greatest common divisor of q and 14.
7
Suppose -42 = -23*l + 22*l. Calculate the greatest common factor of 56 and l.
14
Suppose -39*o + 34*o + 50 = 0. What is the greatest common divisor of 80 and o?
10
Let z = -12 - -86. Let q = z + -45. Let y = q - -11. Calculate the greatest common divisor of 10 and y.
10
Let c be 4 + (-280)/77 - (-6340)/110. What is the greatest common divisor of 29 and c?
29
Let b(v) = 112*v**2 - 3*v. Let h be b(-1). Suppose 0 = 2*t - 3*l + 30 - 125, -3*l = 3*t - 135. Calculate the highest common divisor of t and h.
23
Let b = -1 - -3. Let n = 34 + -33. What is the highest common factor of b and n?
1
Suppose 0 = 3*h - 9 - 9. Let u(x) = -x**3 - 13*x**2 + 12*x - 6. Let a be u(-14). Suppose -17*r = -a*r + 90. What is the greatest common factor of r and h?
6
Let n = 4 - 10. Let f be n/(1/(3 - 6)). What is the highest common divisor of 2 and f?
2
Let z(u) be the third derivative of 11*u**4/24 + 2*u**3/3 + 14*u**2. Let x be z(2). Let b = 39 - x. What is the highest common factor of b and 13?
13
Let d be 4 + (-20)/(-4) + -5. Suppose 0 = -d*x + 125 + 71. Calculate the greatest common divisor of x and 245.
49
Suppose 0 = 5*r + 1 - 26. Let q(s) = -3*s**2 + 12*s - 17. Let l be q(7). Let g = l + 125. Calculate the highest common factor of r and g.
5
Suppose 2*c = -4*b + 44, 0*c - 4*b = -3*c + 56. Let a(t) = -t**2 - 18*t - 2. Let f be a(-16). What is the highest common divisor of c and f?
10
Let m(j) = j**2 - 2*j - 9. Let c be m(-7). Let v(d) = -3*d + 3. Suppose 7*h + 4 = 3*h. Let w be v(h). What is the greatest common divisor of w and c?
6
Let m(a) = -20*a - 2. Suppose -4*l + 24 = -4*u, 6*u - 2*u + 5*l - 3 = 0. Let w be m(u). Suppose 520 - w = 6*k. What is the greatest common divisor of k and 11?
11
Suppose 23 + 25 = 4*q. Let i(h) = h**3 - 11*h**2 - 10*h - 6. Let b be i(q). Suppose 4*p - 42 + b = 0. What is the highest common divisor of 18 and p?
6
Let k be 0 - (-2366)/(-39)*-21. What is the greatest common divisor of k and 28?
14
Let o(a) = a**3 + 8*a**2 + 7*a + 8. Let p be o(-7). Suppose 0 = -p*g + 9*g - 66. What is the greatest common factor of 88 and g?
22
Suppose 0 = 52*d + 41*d - 2511. Calculate the highest common divisor of 675 and d.
27
Let n(t) = 2*t - 2. Let o be n(4). Suppose 2*q = o*q + 3*d + 2131, 5*q - 2*d + 2681 = 0. Let v = q - -775. What is the greatest common divisor of v and 30?
30
Suppose -238 - 2462 = -30*i. Calculate the highest common factor of 150 and i.
30
Let k be (-46)/14 + (-10)/(-35). Let f be 6/k*1 - -128. Suppose 3*h + 6*x - 2*x - 34 = 0, 4*x = -h - 2. What is the highest common factor of h and f?
18
Suppose 16*m - 4420 = -4*m. What is the highest common divisor of 13 and m?
13
Suppose -5*v = 5*s - 435, 4*s - 165 = 2*s + v. Suppose 2*g - 2*q = -208, 2*q = 2*g + 7*q + 243. Let w = g + 121. What is the greatest common factor of s and w?
12
Suppose 3*i + y = 10, -2*i + 2*y + 13 = 1. Let v = i + 6. Calculate the highest common divisor of v and 25.
5
Suppose -38 = -d + 40. What is the greatest common divisor of d and 26?
26
Let m = 30 + -15. Let r be (-9)/m + (-17)/5. Let w be 90*(60/(-25) - r). What is the highest common factor of 36 and w?
36
Suppose 0 = 7*g + 212 - 317. What is the highest common divisor of g and 435?
15
Suppose 0 = -2*r - r + 24. Suppose -4*m + 7*x = -34 + 2, m + 2*x + 7 = 0. Calculate the highest common divisor of r and m.
1
Let c be (-20)/(-70)*812/8. Let g(t) = 10*t**3 - 3*t**2 - 5*t + 4. Let w be g(3). What is the greatest common divisor of w and c?
29
Suppose w + 6 = 24. Suppose 2*v - 16 - 6 = -2*d, 0 = -5*d + 10. Calculate the greatest common divisor of w and v.
9
Let m(g) = 13*g - 44. Let q be m(6). Let u = -33 + q. Calculate the highest common divisor of 9 and u.
1
Suppose -5*d - i + 46 = 0, 2*d - 22 + 0 = -4*i. Let l(m) = m**2 - 11*m + 18. Let z be l(9). Let g = z - -3. What is the greatest common divisor of g and d?
3
Let k = -51 + 55. Suppose -60 = -4*t + k*x, -2*x + x + 5 = 0. Let g be -2*(-2)/(-2) + 222. What is the highest common factor of g and t?
20
Let r(y) = y**3 - y**2 + 4*y - 7. Let w(p) = p**2 + p + 1. Let k(f) = -r(f) - w(f). Let h be k(-4). What is the highest common factor of h and 9?
9
Let y(l) be the third derivative of -l**4/12 + 19*l**3/6 - 21*l**2. Let r be y(7). What is the greatest common factor of r and 5?
5
Let f be 584/14 - (-8)/28. Let j = 147 + -77. Suppose -7*z + j = -2*z. What is the greatest common factor of f and z?
14
Let c = -405 + 419. What is the greatest common divisor of c and 14?
14
Let l be (-4257)/(-55) - 3/(-5). Let r = -34 + l. Calculate the greatest common factor of 4 and r.
4
Suppose -4*f - 70 = 2*v, -4*f - 59 = -v + 26. Let d be (0 - f)/(0 - -1). Suppose a - y = -2*a + 117, y = 3. Calculate the highest common factor of a and d.
20
Suppose 5*v - 58 = 2. Suppose 4*o + 16 = -0*o, 5*m + 5*o = 0. What is the highest common factor of v and m?
4
Let x be (-7 - 90/(-12))*-2 + 8. Calculate the highest common factor of x and 238.
7
Suppose 414 = 14*f - 650. What is the greatest common divisor of 152 and f?
76
Suppose 8*n = 23*n - 4995. What is the greatest common factor of n and 9?
9
Let a = 24 + -12. Suppose 0 = -0*d - 2*d - 3*m + 81, 150 = 5*d - 3*m. Suppose 4*b + d - 177 = 0. Calculate the highest common factor of b and a.
12
Let n(q) = -q**3 - q**2 + 3*q. Let h be n(-3). Let j be h/(-6)*70/(-3). Let x = 4 - -10. Calculate the highest common factor of x and j.
7
Let n = 14 + -14. Let j = 3 - -1. Suppose 136 = -n*m + j*m. What is the highest common divisor of 85 and m?
17
Let z = 6 - -1. Let t(b) = -254*b + 2. Let q be t(1). Let c be (0 + (-2 - -3))/((-4)/q). Calculate the greatest common divisor of c and z.
7
Let j = -147 + 149. What is the highest common factor of j and 24?
2
Let t be ((-18)/(-8))/(2 + 633/(-312)). Let m = t + 90. Calculate the highest common divisor of 108 and m.
12
Suppose -n - t + 50 = 0, -2*n + 63*t - 61*t = -108. What is the highest common factor of n and 221?
13
Let t = -30 - -25. Let q(x) = 2*x**2 + 8*x + 8. Let m be q(t). Suppose -v = -4*v + m. What is the highest common factor of 66 and v?
6
Suppose 15*a = -7*a + 5852. What is the greatest common factor of a and 114?
38
Let l(h) = -2*h**3 - 3*h - 2. Let o be l(-2). Suppose 2 - 6 = -p. Suppose -3*a + 20 = -5*q, a = -a - p*q + 6. What is the highest common factor of o and a?
5
Suppose 0*w + w = 2. Suppose 3 = -w*x + 2*m + 7, 2*m = 0. Suppose 5*q - 136 = x*j, -q + 0*j = j - 30. What is the highest common factor of 4 and q?
4
Let c(w) = w**3 - 3*w**2 - 4*w + 3. Let k be c(4). Let p = 36 - 24. Calculate the greatest common divisor of p and k.
3
Let x(z) be the first derivative of -4*z**2 - 13*z + 25. Let w be x(-9). What is the highest common divisor of 413 and w?
59
Let m be 0 - 88/(-16)*6. What is the highest commo